9?
1
What is the tens digit of 512139?
3
What is the ten millions digit of 19064273?
1
What is the hundred thousands digit of 2886659?
8
What is the tens digit of 52287?
8
What is the millions digit of 7333881?
7
What is the ten millions digit of 11359489?
1
What is the units digit of 18467339?
9
What is the tens digit of 656207?
0
What is the ten thousands digit of 9833844?
3
What is the hundred thousands digit of 103313?
1
What is the tens digit of 709784?
8
What is the hundreds digit of 1391426?
4
What is the units digit of 1605054?
4
What is the hundreds digit of 18450767?
7
What is the hundred thousands digit of 7407217?
4
What is the thousands digit of 1267265?
7
What is the tens digit of 12099?
9
What is the millions digit of 10766800?
0
What is the hundred thousands digit of 21004408?
0
What is the millions digit of 22133040?
2
What is the hundreds digit of 138887?
8
What is the thousands digit of 2176309?
6
What is the ten thousands digit of 617878?
1
What is the units digit of 6516556?
6
What is the hundred thousands digit of 189471?
1
What is the thousands digit of 485755?
5
What is the units digit of 27925?
5
What is the units digit of 2819460?
0
What is the thousands digit of 3113833?
3
What is the hundreds digit of 2850445?
4
What is the hundreds digit of 398067?
0
What is the units digit of 184475?
5
What is the hundreds digit of 501463?
4
What is the tens digit of 754093?
9
What is the hundred thousands digit of 8938435?
9
What is the millions digit of 1556728?
1
What is the tens digit of 607734?
3
What is the hundreds digit of 4287698?
6
What is the thousands digit of 806712?
6
What is the hundreds digit of 6179562?
5
What is the tens digit of 30511367?
6
What is the thousands digit of 275216?
5
What is the hundreds digit of 8538827?
8
What is the tens digit of 2775822?
2
What is the ten thousands digit of 1576559?
7
What is the ten thousands digit of 14498?
1
What is the units digit of 640820?
0
What is the hundreds digit of 340685?
6
What is the hundreds digit of 1761534?
5
What is the millions digit of 14868245?
4
What is the units digit of 2920520?
0
What is the hundreds digit of 174032?
0
What is the thousands digit of 140419?
0
What is the ten thousands digit of 7726640?
2
What is the ten thousands digit of 32046?
3
What is the thousands digit of 3210295?
0
What is the thousands digit of 406742?
6
What is the tens digit of 132339?
3
What is the hundreds digit of 6333003?
0
What is the hundreds digit of 1086697?
6
What is the millions digit of 2619488?
2
What is the hundreds digit of 17321872?
8
What is the hundred thousands digit of 1135594?
1
What is the thousands digit of 5057045?
7
What is the hundred thousands digit of 10171204?
1
What is the hundreds digit of 556323?
3
What is the millions digit of 1005231?
1
What is the hundred thousands digit of 159520?
1
What is the thousands digit of 701403?
1
What is the thousands digit of 9488?
9
What is the thousands digit of 10571295?
1
What is the units digit of 9178740?
0
What is the units digit of 257266?
6
What is the tens digit of 367465?
6
What is the hundred thousands digit of 697100?
6
What is the units digit of 211483?
3
What is the hundreds digit of 23248575?
5
What is the ten thousands digit of 871378?
7
What is the hundred thousands digit of 4499191?
4
What is the units digit of 30342177?
7
What is the ten thousands digit of 355104?
5
What is the ten thousands digit of 6888219?
8
What is the thousands digit of 5323970?
3
What is the units digit of 481285?
5
What is the hundreds digit of 407890?
8
What is the hundreds digit of 4015095?
0
What is the hundred thousands digit of 513830?
5
What is the hundred thousands digit of 234929?
2
What is the ten thousands digit of 9350519?
5
What is the hundreds digit of 2959922?
9
What is the millions digit of 1092773?
1
What is the ten millions digit of 30050568?
3
What is the ten thousands digit of 3995398?
9
What is the thousands digit of 7380022?
0
What is the tens digit of 56951?
5
What is the tens digit of 89564?
6
What is the tens digit of 928427?
2
What is the thousands digit of 2316166?
6
What is the tens digit of 179984?
8
What is the thousands digit of 154785?
4
What is the hundred thousands digit of 7767590?
7
What is the thousands digit of 1221859?
1
What is the hundreds digit of 87424?
4
What is the hundreds digit of 268570?
5
What is the ten thousands digit of 198069?
9
What is the millions digit of 28382595?
8
What is the tens digit of 57164?
6
What is the thousands digit of 268251?
8
What is the hundreds digit of 119648?
6
What is the tens digit of 3190547?
4
What is the tens digit of 2300115?
1
What is the thousands digit of 243131?
3
What is the hundreds digit of 73434?
4
What is the hundreds digit of 7400093?
0
What is the thousands digit of 179879?
9
What is the ten thousands digit of 15051854?
5
What is the hundreds digit of 728567?
5
What is the units digit of 392555?
5
What is the units digit of 38090461?
1
What is the hundred thousands digit of 3126889?
1
What is the ten millions digit of 20744073?
2
What is the hundred thousands digit of 985794?
9
What is the ten millions digit of 16223856?
1
What is the thousands digit of 10532125?
2
What is the units digit of 1309470?
0
What is the millions digit of 39977747?
9
What is the hundred thousands digit of 149853?
1
What is the thousands digit of 602770?
2
What is the hundred thousands digit of 208852?
2
What is the tens digit of 411113?
1
What is the thousands digit of 41679?
1
What is the thousands digit of 391475?
1
What is the thousands digit of 386628?
6
What is the hundreds digit of 771374?
3
What is the millions digit of 3379212?
3
What is the ten thousands digit of 3358147?
5
What is the units digit of 208219?
9
What is the units digit of 734694?
4
What is the units digit of 2004855?
5
What is the ten thousands digit of 402485?
0
What is the units digit of 4115992?
2
What is the tens digit of 3203344?
4
What is the ten thousands digit of 3563824?
6
What is the hundred thousands digit of 3464392?
4
What is the ten thousands digit of 125758?
2
What is the hundreds digit of 3120691?
6
What is the thousands digit of 743067?
3
What is the hundreds digit of 8824371?
3
What is the units digit of 4905521?
1
What is the tens digit of 29360203?
0
What is the hundreds digit of 162571?
5
What is the hundreds digit of 11834666?
6
What is the tens digit of 1456034?
3
What is the hundred thousands digit of 482436?
4
What is the tens digit of 601?
0
What is the thousands digit of 688358?
8
What is the hundred thousands digit of 314263?
3
What is the ten thousands digit of 7721598?
2
What is the hundreds digit of 85240?
2
What is the ten thousands digit of 6396998?
9
What is the ten millions digit of 23060988?
2
What is the units digit of 3039894?
4
What is the thousands digit of 2194496?
4
What is the millions digit of 11433565?
1
What is the ten millions digit of 20553071?
2
What is the ten thousands digit of 50388?
5
What is the thousands digit of 4048137?
8
What is the millions digit of 20101345?
0
What is the ten thousands digit of 29388371?
8
What is the hundred thousands digit of 723655?
7
What is the millions digit of 18467977?
8
What is the thousands digit of 6042870?
2
What is the tens digit of 368469?
6
What is the thousands digit of 32255?
2
What is the units digit of 2661905?
5
What is the hundred thousands digit of 12000381?
0
What is the tens digit of 4021780?
8
What is the ten thousands digit of 9913314?
1
What is the hundred thousands digit of 6084578?
0
What is the tens digit of 22869411?
1
What is the tens digit of 296137?
3
What is the hundred thousands digit of 653777?
6
What is the tens digit of 1795680?
8
What is the ten thousands digit of 5082078?
8
What is the tens digit of 110041?
4
What is the hundreds digit of 512643?
6
What is the tens digit of 1633155?
5
What is the thousands digit of 552352?
2
What is the millions digit of 4000752?
4
What is the ten thousands digit of 115973?
1
What is the thousands digit of 29060?
9
What is the hundreds digit of 391153?
1
What is the tens digit of 5375519?
1
What is the hundred thousands digit of 13599469?
5
What is the thousands digit of 23255?
3
What is the thousands digit of 468943?
8
What i